{"id":570,"date":"2022-08-27T11:55:12","date_gmt":"2022-08-27T09:55:12","guid":{"rendered":"https:\/\/www.galerie-outreloire.com\/?post_type=product&#038;p=570"},"modified":"2025-04-22T17:53:55","modified_gmt":"2025-04-22T15:53:55","slug":"lithographie-originale-de-raoul-ubac-silex-i","status":"publish","type":"product","link":"https:\/\/www.galerie-outreloire.com\/?product=lithographie-originale-de-raoul-ubac-silex-i","title":{"rendered":"Lithographie originale de Raoul UBAC \u00ab\u00a0silex I\u00a0\u00bb"},"content":{"rendered":"<p>&nbsp;<\/p>\n<p>Belle lithographie<\/p>\n<p>\u00e9tat impeccable (jamais encadr\u00e9e)<\/p>\n<p>sign\u00e9e 75 ex<\/p>\n","protected":false},"excerpt":{"rendered":"<p>&nbsp; Belle lithographie \u00e9tat impeccable (jamais encadr\u00e9e) sign\u00e9e 75 ex<\/p>\n","protected":false},"featured_media":134,"template":"","meta":[],"product_brand":[],"product_cat":[66,63,52],"product_tag":[96],"class_list":{"0":"post-570","1":"product","2":"type-product","3":"status-publish","4":"has-post-thumbnail","6":"product_cat-artistes","7":"product_cat-gravures","8":"product_cat-ubac-raoul","9":"product_tag-vendu","11":"first","12":"instock","13":"sold-individually","14":"shipping-taxable","15":"product-type-simple"},"jetpack_sharing_enabled":true,"_links":{"self":[{"href":"https:\/\/www.galerie-outreloire.com\/index.php?rest_route=\/wp\/v2\/product\/570","targetHints":{"allow":["GET"]}}],"collection":[{"href":"https:\/\/www.galerie-outreloire.com\/index.php?rest_route=\/wp\/v2\/product"}],"about":[{"href":"https:\/\/www.galerie-outreloire.com\/index.php?rest_route=\/wp\/v2\/types\/product"}],"version-history":[{"count":6,"href":"https:\/\/www.galerie-outreloire.com\/index.php?rest_route=\/wp\/v2\/product\/570\/revisions"}],"predecessor-version":[{"id":1293,"href":"https:\/\/www.galerie-outreloire.com\/index.php?rest_route=\/wp\/v2\/product\/570\/revisions\/1293"}],"wp:featuredmedia":[{"embeddable":true,"href":"https:\/\/www.galerie-outreloire.com\/index.php?rest_route=\/wp\/v2\/media\/134"}],"wp:attachment":[{"href":"https:\/\/www.galerie-outreloire.com\/index.php?rest_route=%2Fwp%2Fv2%2Fmedia&parent=570"}],"wp:term":[{"taxonomy":"product_brand","embeddable":true,"href":"https:\/\/www.galerie-outreloire.com\/index.php?rest_route=%2Fwp%2Fv2%2Fproduct_brand&post=570"},{"taxonomy":"product_cat","embeddable":true,"href":"https:\/\/www.galerie-outreloire.com\/index.php?rest_route=%2Fwp%2Fv2%2Fproduct_cat&post=570"},{"taxonomy":"product_tag","embeddable":true,"href":"https:\/\/www.galerie-outreloire.com\/index.php?rest_route=%2Fwp%2Fv2%2Fproduct_tag&post=570"}],"curies":[{"name":"wp","href":"https:\/\/api.w.org\/{rel}","templated":true}]}}